= 0. Let q = 1668 + c. What are the prime factors of q?
2, 479
Suppose -f = -3, 0*z + z + 10 = 2*f. List the prime factors of (-127)/z - (-3 - (-33)/12).
2
Let y be -83*((-4 - 0) + 0 - -5). Let k = y + 197. List the prime factors of k.
2, 3, 19
Suppose 2*w - 3 - 3 = 0. Suppose -w*z + 7*z = 28. Suppose -262 = -z*h + 179. List the prime factors of h.
3, 7
Let b = -1326 + -66. Let s = -982 - b. List the prime factors of s.
2, 5, 41
What are the prime factors of 1/3*(-6 - -33) - -3480?
3, 1163
Let f be 61880/112*(9/5 - 1). Let c = f - 355. List the prime factors of c.
3, 29
Let y(k) = k**3 + 3*k**2 - 29*k + 18. Let b(w) = w**2 - 2*w + 1. Let g(u) = -6*b(u) + y(u). What are the prime factors of g(9)?
3, 5, 23
Let m(x) be the second derivative of -x**4/12 + x**3 + 7*x**2/2 + 21*x. Let t be m(7). Suppose -2*y + 4*y - 108 = t. List the prime factors of y.
2, 3
Suppose 454496 = -371*u + 483*u. List the prime factors of u.
2, 2029
Let l(k) = 4*k**2 - 13*k - 312. List the prime factors of l(45).
3, 7
Suppose -j - 2 + 5 = 2*r, 0 = 3*j - 3. List the prime factors of (r/(-3))/(17/153) + 651.
2, 3
Let t(b) = -605*b**3 + 4*b**2 - 21*b - 65. What are the prime factors of t(-3)?
16369
Let q(i) = 1534*i - 3242. What are the prime factors of q(6)?
2, 11, 271
Let h(n) = 7 - n + 29*n + 4*n + 15 + 1501*n**2 - 11*n. List the prime factors of h(-1).
2, 751
List the prime factors of (6 + (-2 - 6))/(8/(-32684)).
8171
Let m(y) = 20*y - 18. Let c be m(1). Suppose 0 = c*u + 6, 4*l + 1517 = 5*l + 4*u. List the prime factors of l.
11, 139
Suppose -37*s = 39172 - 332878. What are the prime factors of s?
2, 3, 7
Suppose -110*d = -289536 - 439324. What are the prime factors of d?
2, 3313
Let m be 1/((-2)/(-16)*2). Suppose -m*z - 3*x + 2*x + 1313 = 0, 2*x - 2 = 0. List the prime factors of z.
2, 41
Let w(b) = b**3 + 7*b**2 - b + 6. Let t be 8 - 4 - (-66)/2. Let q = t + -43. What are the prime factors of w(q)?
2, 3
Let z(m) = 5*m - 7. Let j be z(-4). Let o = j + -50. Let k = 87 + o. List the prime factors of k.
2, 5
Let b be (38 - -6278)*(-3)/(-12). Let g = b + 143. What are the prime factors of g?
2, 3, 7, 41
Suppose -44360 = -7519*m + 7514*m. List the prime factors of m.
2, 1109
Suppose 2*b + o - 91697 = 0, -4*b - 23*o = -20*o - 183389. What are the prime factors of b?
13, 3527
Let k(i) = 7*i**2 - i + 2. Let f be k(1). Suppose -f*g + 3679 = -6937. List the prime factors of g.
1327
Let b be (30/(-12))/(1/2) + 50378. Suppose 31*c + 9329 = b. What are the prime factors of c?
2, 331
Let x be 15*18/945 - 3916/(-14). Suppose 0 = -5*l + 2*r - 1, -r + 1 = l - 3. List the prime factors of (l + x + 1)/2.
3, 47
Suppose -12*f - 4352 = 5*f. Let j = 420 - f. What are the prime factors of j?
2, 13
Let o(b) = -b**3 + 23*b**2 + 22*b + 48. Let k be o(24). Suppose 0 = -z + 4*a + 89 - 15, 5*a + 10 = k. List the prime factors of z.
2, 3, 11
Let r(j) = -j**2 + j + 48. Let a be r(-6). Suppose -2*t + 4*f + 1278 = 0, -a*t + 5*t + 4*f = -633. What are the prime factors of t?
3, 5, 43
Suppose 103 = 4*w + 7. Suppose -4*s + 0*d + 42 = 2*d, s - 4*d = w. Suppose s*y = 9*y + 6. List the prime factors of y.
2
Suppose -8*a + 408 + 280 = 0. What are the prime factors of ((-3)/24*a)/(2/(-48))?
2, 3, 43
Let h = -159 - -646. Suppose -h = -v + 44. What are the prime factors of v?
3, 59
Let p(f) be the second derivative of f**7/2520 + f**6/360 - 11*f**4/6 - 3*f. Let h(i) be the third derivative of p(i). What are the prime factors of h(4)?
2, 3
Let h(p) = -30*p - 38*p + 12*p + 11 - 39*p. Let z(g) = -48*g + 5. Let u(i) = -2*h(i) + 5*z(i). What are the prime factors of u(-1)?
53
Suppose -3*p - 10 + 1 = -2*i, -i - 3 = 0. Let o(y) = 13*y**2 - 3*y - 5. List the prime factors of o(p).
5, 67
Suppose 0 = 4*i - 12, -i - 52123 = -3*d + 11102. List the prime factors of d.
2, 11, 479
Suppose 6 = 4*n - 2*n. Let d(q) = -q**3 + 7*q**2 + 3*q - 9. Let b be d(n). Suppose b = 3*v - 2*v. What are the prime factors of v?
2, 3
What are the prime factors of ((-11286891)/(-243))/11 - (-4)/9?
41, 103
Let p = 43 - 31. Suppose -p*c + 19*c = 56. List the prime factors of (-2)/(c/(-164)) + 2.
43
Let f = 735 + -736. What are the prime factors of (1/f + -3)/((-4)/272)?
2, 17
Let h be (-4 + 54/21)*-7. Suppose 0 = 5*x + h*x - 6570. What are the prime factors of x?
2, 3, 73
Let b = 43422 + -128337. List the prime factors of (2/(-6))/(45/b).
17, 37
List the prime factors of (19230/4 - 1)/(17*(-8)/(-1088)).
2, 9613
List the prime factors of 18/(-7) + 2 + -3 + (-573024)/(-56).
53, 193
Suppose -o - 20*o + 84 = 0. Suppose -t = -2*s + 2*t + 473, -1125 = -5*s - o*t. What are the prime factors of s?
229
Let c(u) = 2277*u + 411. What are the prime factors of c(11)?
2, 3, 4243
Suppose -10*h - 35*h + 5167 = -1771298. What are the prime factors of h?
3, 13159
Let f(j) = -2*j + 25. Let o be f(8). Suppose 6*l - 252 = o*l. Let b = 139 + l. List the prime factors of b.
5, 11
Suppose 3*v + 54 = 5*w, w - 2*v - 4 = 4. Suppose -4180 = -w*i + 5360. What are the prime factors of i?
3, 5, 53
Let u = 450 - 452. List the prime factors of u/(-4) - 2874/(-4).
719
Suppose -96*f + 95*f = 2*z - 14616, -z + 7310 = f. What are the prime factors of z?
2, 13, 281
Let t be -1 + 3 - 28/(-4). What are the prime factors of (-3)/t + ((-2149)/21)/(-1)?
2, 3, 17
What are the prime factors of (-120 - -6278) + (-6)/(-2)?
61, 101
Suppose -9*a + 154*a = 771980. List the prime factors of a.
2, 11
Suppose 0 = 72*m - 68*m - 1268. Let h = m + -23. What are the prime factors of h?
2, 3, 7
Let f(m) be the first derivative of -95*m**4/2 - m**3 - m**2/2 + m + 49. List the prime factors of f(-1).
3, 7
Let s(a) = a - 109. Let x(g) = -g**2 + 3*g - 218. Let o(j) = 5*s(j) - 2*x(j). List the prime factors of o(13).
2, 3
Let p(j) = -j**2 - 3*j - 1. Let t(v) = -20*v**2 + 8*v - 24. Let r(z) = -4*p(z) - t(z). What are the prime factors of r(-5)?
2, 19
List the prime factors of 458/(2 + (-6160)/3102).
3, 47, 229
What are the prime factors of (72/20)/((-130)/(-610025))?
3, 1877
Let y = 39038 - 15088. What are the prime factors of y?
2, 5, 479
Let g(n) = 9*n**2 - 6*n + 7. Let v be g(-5). Suppose 35*d = 37*d + v. Let a = d - -304. What are the prime factors of a?
173
Let q = -3 + 9. Suppose q*z = 2728 + 314. What are the prime factors of z?
3, 13
Let a be (392/35)/(-14)*-120. Let z = 4 + -7. List the prime factors of a - z/(3/(-2)).
2, 47
Suppose -17*u + 4*u = 6383. Let v = u + 742. List the prime factors of v.
251
Let w be 14/(-4)*162/(-189). List the prime factors of 1 + 1/(-3) - (-979)/w.
3, 109
Let w(y) = 590*y - 226. What are the prime factors of w(11)?
2, 3, 29
Suppose 3*b + z = 48890, 7*b + 3*z = 59484 + 54590. What are the prime factors of b?
2, 29, 281
Suppose i - 4*p = 6, -2*p - 3*p = -5*i + 15. Suppose 126 = -2*a + i. Let v = 5 - a. List the prime factors of v.
67
Let x be (-1)/(((-8)/2)/16). Suppose 0 = 33*h - x*h - 22243. List the prime factors of h.
13, 59
Suppose -4*l + 19 = 7*u - 2*u, 0 = 5*u - 3*l - 12. Let i(q) = 241*q - 35. List the prime factors of i(u).
2, 43
Let s(h) = -7*h**3 + 6*h**2 + 7*h - 2. List the prime factors of s(-6).
2, 421
Let q be 1261/13 + 1*3. Suppose 0*g + 150 = -5*g. Let c = q + g. What are the prime factors of c?
2, 5, 7
Let c(f) = -3436*f + 70. What are the prime factors of c(-3)?
2, 5189
Let g = -102 + 175. Suppose 5*y + 101 - 34 = d, 0 = d + y - g. What are the prime factors of d?
2, 3
Suppose 7 - 3 = k. Suppose 2211 - 651 = k*y. List the prime factors of (y/9 + -2)*9/6.
2, 31
Let x(c) = 10*c - 4. Let p be x(4). Suppose 0 = -2*z - 30 + p. List the prime factors of 4/18*z*(134 - 2).
2, 11
Let z(s) = 7*s - 84. Let d be z(12). Suppose -3*k - 5*p + 1685 = -d*k, -5*k - 2*p = -2840. What are the prime factors of k?
2, 3, 5, 19
Suppose -6 = 2*w - 4*x, -3*w - 20 + 5 = -4*x. Let d(g) = -80*g**3 + 81*g**3 - 6 + 12*g**2 + 8*g + 1. List the prime factors of d(w).
2, 83
Let y(a) = 9*a - 26. Let p be y(3). Let j(u) = 149*u**3 - 1 + 3*u - 6*u**2 - 81*u**3 + 4*u**2 + 0*u**2. List the prime factors of j(p).
2, 17
Let s(y) = -565*y**3 - y**2 + 8*y - 2. Let a(v) = -565*v**3 - v**2 + 6*v - 2. Let u(r) = 5*a(r) - 4*s(r). List the prime factors of u(-1).
2, 3, 47
Let l = -24 - -33. Suppose -985 + 94 = -l*s. List the prime factors of s.
3, 11
Let u(z) = 4*z**3 - z. Let s be u(3). Suppose 2*f